 r - -156)?
2, 7, 11
Suppose 0*i = 4*i - 8, -i - 8678 = -5*p. Suppose 256*h = 248*h + p. What are the prime factors of h?
7, 31
Suppose -2*i + 288 = 160. Let l = -41 + i. What are the prime factors of l?
23
Let i be ((-33)/(-5))/(5/(-75)*3). Let l = 237 + i. What are the prime factors of l?
2, 3, 17
Let b(z) = 6*z + 12. Let g be b(4). Let k = g + -40. Let u(i) = i**3 + 9*i**2 + 3*i + 4. List the prime factors of u(k).
2, 3
Let x(t) = t**3 - 4*t**2 + 14*t + 2. Let f be x(-7). Let r = -170 - f. List the prime factors of r.
3, 5, 31
Let b = 42 + -56. Let m(k) = k**2 + 15*k + 35. Let q be m(b). Suppose 86 = u + 2*f, -q = -u - f + 64. List the prime factors of u.
2, 3, 7
Let n(r) = -342*r + 6245. What are the prime factors of n(-30)?
5, 3301
Let m = 2997 + -2995. Let v(a) = -46*a - 1. Let f be v(-1). What are the prime factors of f*(m/(-3) + (-8)/(-2))?
2, 3, 5
Suppose 29 - 25 = -2*n. List the prime factors of (1/n)/(-5 - (-14792)/2960).
5, 37
Suppose -4*i = p - 3*i - 1934, p = 4*i + 1954. Let b be ((-24)/(-20))/(-6) + p/(-10). What are the prime factors of b/(-3 - -2 - (9 + -9))?
2, 97
Let d(j) = -j**3 + 8*j**2 - j + 9. Let l be d(8). Let r = l + 10. Let s = r - -22. List the prime factors of s.
3, 11
Suppose -4*j - 3*p = -165112, 5*j - 113759 - 92631 = 2*p. List the prime factors of j.
2, 20639
Let c = 2551 + 12186. List the prime factors of c.
14737
Suppose 2*i - 2*l - 962 = 0, 2*i - 1413 + 459 = l. What are the prime factors of i?
11, 43
Let t = 193 + -187. Suppose 0 = -t*y - 1282 + 5572. What are the prime factors of y?
5, 11, 13
Suppose -3*w + 0 = -4*y - 3, 5*y - 25 = -2*w. Suppose -y*x + 12 = -x. Suppose x*r - 459 = 141. What are the prime factors of r?
2, 5
Let s(g) = -g**2 - 19*g - 21. Let f be 0 + -2 + -2 + 9. Suppose -f*o - 20 = q - 0*o, 2*q = 2*o - 28. What are the prime factors of s(q)?
3, 13
Let j = 10 + -3. Suppose -4*m - 1089 = -j*m. Suppose 309 = 6*g - m. What are the prime factors of g?
2, 7
Let f(p) = -11*p**3 - 6*p**2 - 4*p - 7. Let j be 11/55 + (-42)/10. What are the prime factors of f(j)?
617
Let z = -214 - -260. Suppose -3*m - z = -2*r + 913, 5*r + 2*m = 2388. What are the prime factors of r?
2, 239
Suppose 45 - 5 = 8*p. Suppose 0 = -p*s - a + 13, -s = 2*a + 5 - 4. Suppose -7*z + 75 = -2*z + 5*j, 0 = -s*j + 9. What are the prime factors of z?
2, 3
Let u be (-2)/8*(-2)/(-6)*0. Suppose n - 96 - 32 = u. What are the prime factors of n?
2
Suppose -120 = 11*o + 19*o. What are the prime factors of (19770/(-20))/(o/(-16)*-6)?
659
Let j(q) = -232 - 259 + 555 + 3*q. What are the prime factors of j(-20)?
2
Let u(q) = -q**2 - 4*q - 16. Let g be (-7)/(-4 + 10/2). Let w be u(g). Let o = w - -103. List the prime factors of o.
2, 3, 11
Suppose 0 = -4*r + 11*r - 14. Suppose -4*x = 3*x + r*x. Suppose -g + 30 + 11 = -j, 5*j - 5 = x. List the prime factors of g.
2, 3, 7
Let j(g) = g**3 - g**2 + 5*g - 7. Let v be j(2). What are the prime factors of v/((-110)/56 - -2)?
2, 7
Let u(c) = 56*c**2 + 4*c - 5. Suppose -365 = -5*p - 355. List the prime factors of u(p).
227
Suppose -2 + 11 = 3*z. Let i be (7 + 5)*10/z. Let y = i + 43. List the prime factors of y.
83
Let x = -45513 - -66918. List the prime factors of x.
3, 5, 1427
Suppose -3*m - 2*x = -0*x - 26, 0 = -2*x - 10. Suppose m*c + 93 = 13*c. Suppose -2*z + 3*l + c = 0, l + 1 = 4. List the prime factors of z.
3, 17
Suppose 42*u + 120*u - 2111439 = 53*u. List the prime factors of u.
3, 11, 587
What are the prime factors of 1108548/243 + 12/(-42)*(-21)/81?
2, 2281
Let t = 0 - 2. Let s be 18*(-5)/(-15) + -16. List the prime factors of ((-7)/t)/(-7) - 395/s.
3, 13
Suppose 4*p - 154032 = j, 23*p = 18*p - 2*j + 192514. What are the prime factors of p?
2, 13, 1481
Let v(t) = 74*t**3 + 3*t**2 + 2*t + 1. Let p be v(-1). List the prime factors of 6*2/p + (-6739)/(-6).
1123
Let x be (-2)/(9/(-20) + 11/55). Suppose x*r + 1128 = 16*r. Let n = r - -46. List the prime factors of n.
11, 17
Let u(m) = -50*m - 39. Let l be u(-1). List the prime factors of 28/154 + 6510/l.
2, 37
Let c = -55 - -65. Suppose 5*q + u - 893 = 0, -c*q + 884 = -5*q - 2*u. List the prime factors of q.
2, 89
Let v be (3 + -1)/(2/(-36)). Let m = 45 + v. What are the prime factors of ((-14)/4)/(m/(-72))?
2, 7
Let g be (-48)/(-10) - ((-364)/70 + 5). Suppose 3*b = -65*q + 64*q + 540, g*b + 25 = 0. What are the prime factors of q?
3, 5, 37
Let i(h) = 1661*h**2 - 14*h - 13. List the prime factors of i(-1).
2, 3, 277
Suppose 0 = c - 2*g - 3*g - 3, -5*c + 4*g + 15 = 0. Suppose 4*d - x - 857 = 1552, -c*d - 3*x = -1818. What are the prime factors of d?
3, 67
Suppose -5*s - 2280 = -5*t, t + 5*s - 438 = -0*t. Let r = 94 + t. List the prime factors of r.
547
Suppose -l + 5*i = -11084, 4*i + 11083 = -0*l + l. List the prime factors of l.
3, 1231
Let n(v) = v**3 + 8*v**2 + 12*v + 3. Let m be n(-6). Suppose 5*d = 2*t - 12, -11 = -t - m*d + 17. Let j = 137 - t. List the prime factors of j.
11
Suppose -433*n = -428*n + 300. List the prime factors of (8456/3)/(-4)*n/40.
7, 151
What are the prime factors of (11/(-3) + 3)/(96/(-1649664))?
2, 179
Suppose 12*b - 40 = 2*b. Suppose -b*u + z = -608, 4*z - 456 = u - 4*u. List the prime factors of u.
2, 19
Let j(b) = -b**3 - 8*b**2 + 2*b - 6. Let m = 18 - 27. Let h be j(m). Suppose -h = -5*n + 43. List the prime factors of n.
2, 5
Let m be (-355)/(-20)*(3 + 1)/1. Let w = -21 + m. Let y = w + -28. List the prime factors of y.
2, 11
Suppose 5*w = 25, 0 = 11*c - 8*c + 3*w - 3426. Let p = 1898 - c. List the prime factors of p.
761
Let x = 32 - 20. Let r be x/(-6) - (-2 - -6). Let p = 22 - r. What are the prime factors of p?
2, 7
Suppose -4*h + 16048 = 5*n, 0 = -h + 16*n - 15*n + 4012. List the prime factors of h.
2, 17, 59
Let r(j) = -2*j**2 - 5*j. Let t be r(-2). Suppose -2*l + 788 = -0*l - t*m, -3*l + 1186 = -4*m. What are the prime factors of l?
2, 3, 5, 13
Let d be 20/(-90) + 2/9. Let y(f) = -f**3 + 2*f + 181. Let w be y(d). Suppose 0 = -10*r + 2579 + w. List the prime factors of r.
2, 3, 23
Let x = -31608 - -50738. List the prime factors of x.
2, 5, 1913
Let j = 51 - 55. Let i be 0 + 1 + -4 - -3 - j. Suppose z + i*t - 94 = 0, 5*t + 49 = 2*z - z. List the prime factors of z.
2, 37
Let t(p) = 2*p**2 + 13*p + 32. Let w be t(-4). Suppose 0 = -w*v + 15259 - 2971. List the prime factors of v.
2
Let l = -457 + 575. Let t = l + 885. List the prime factors of t.
17, 59
Let u(f) = -f + 4. Let i be u(6). Let q be (i/(-2))/(4/892). Let c = q - 104. What are the prime factors of c?
7, 17
Let m be (-18218)/(-8) - 7/28. Suppose -5*b + 916 = -2*z + 2455, -m = -3*z - 3*b. List the prime factors of z.
2, 3, 127
Suppose 0 = 5*h + 5*y + 5, -39 + 16 = -2*h + 3*y. List the prime factors of 6/4 + ((-390)/h)/(-1).
3, 11
Suppose -5*t = -2*h + 58297, 10*t - 116588 = -4*h + 14*t. Suppose -10*x - h = -29*x. List the prime factors of x.
2, 13, 59
Let c(s) = 11*s + 0*s**2 + 30 + 8 + 2*s**2 + 14. List the prime factors of c(-7).
73
Suppose 2*i - 7*z = -5*z - 1256, 4*i = -2*z - 2482. Let m be 4/26 + i/(-91). Suppose -d = m*d - 248. What are the prime factors of d?
31
Suppose -62*l = -65*l + 15. Suppose q - 2*r - 122 = -l*r, 2*q + 4*r - 246 = 0. List the prime factors of q.
5
Let q = 70 + -71. Let v be -3 - (-20)/30*(-3)/q. List the prime factors of 1 + 4 - (-266 + v).
2, 17
Let f = -16 + 19. Suppose f*q = -5*q + 832. Let d = q - 69. List the prime factors of d.
5, 7
Let r = 66103 - 38330. What are the prime factors of r?
27773
Suppose 3*d - 44 + 20 = 0. Suppose -d*x + 6*x + 6 = 0. Suppose 28 = x*g - g. List the prime factors of g.
2, 7
Suppose 0 = 4*w + 6*w - 70. Suppose -743 + 3312 = w*u. List the prime factors of u.
367
Suppose 0 = -12*m - 16974 + 267189 + 37857. What are the prime factors of m?
2, 3, 4001
Let n(v) = 2*v**2 - 12*v - 2. Let u(r) = -35*r**3 - r**2 - 2*r - 1. Let s be u(-1). Suppose -16*p + s = -11*p. What are the prime factors of n(p)?
2, 3
Suppose 3*j = -y + 30751, 25*j + 3*y = 26*j - 10257. What are the prime factors of j?
3, 17, 67
Let p(n) = 15*n - 29*n + 161 + 2*n - 145. Suppose -3*h - 25 = 5*t, -12 - 40 = 4*t - 4*h. List the prime factors of p(t).
2, 7
List the prime factors of (-8)/2 + (4130 - -2).
2, 3, 43
Let g(n) = 29*n**3 + 3*n**2 + 6*n - 8. Let u be g(3). Let w = u + -306. Suppose -251 = -9*k + w. What are the prime